 6192?
True
Does 13 divide 923?
True
Does 154 divide 46508?
True
Is 27 a factor of 810?
True
Is 13721 a multiple of 35?
False
Is 2 a factor of 43?
False
Is 3 a factor of 411?
True
Is 3520 a multiple of 176?
True
Does 41 divide 533?
True
Is 28 a factor of 31360?
True
Is 6 a factor of 11880?
True
Is 13737 a multiple of 141?
False
Is 21 a factor of 16707?
False
Does 2 divide 338?
True
Is 4686 a multiple of 213?
True
Is 38 a factor of 228?
True
Is 49 a factor of 18791?
False
Does 3 divide 78?
True
Is 222 a factor of 20424?
True
Is 59 a factor of 362?
False
Does 46 divide 1090?
False
Is 476 a multiple of 7?
True
Does 4 divide 636?
True
Is 6260 a multiple of 97?
False
Is 955 a multiple of 41?
False
Does 18 divide 1395?
False
Is 18816 a multiple of 128?
True
Is 14 a factor of 3688?
False
Is 3391 a multiple of 3?
False
Does 6 divide 2014?
False
Is 4330 a multiple of 6?
False
Is 86016 a multiple of 224?
True
Does 34 divide 13815?
False
Does 90 divide 9720?
True
Is 27766 a multiple of 20?
False
Does 4 divide 32?
True
Does 45 divide 20008?
False
Is 14 a factor of 270?
False
Does 137 divide 8544?
False
Is 9 a factor of 14859?
True
Is 6 a factor of 8363?
False
Does 7 divide 11844?
True
Is 37 a factor of 48877?
True
Does 32 divide 128?
True
Does 56 divide 9856?
True
Is 4 a factor of 200?
True
Is 795 a multiple of 6?
False
Does 17 divide 102?
True
Is 350 a multiple of 16?
False
Does 31 divide 1922?
True
Is 1092 a multiple of 28?
True
Does 14 divide 880?
False
Is 765 a multiple of 19?
False
Is 24 a factor of 768?
True
Is 4 a factor of 1255?
False
Is 11 a factor of 705?
False
Does 10 divide 427?
False
Is 112 a factor of 8624?
True
Does 40 divide 2600?
True
Is 14 a factor of 7196?
True
Is 1015 a multiple of 35?
True
Does 50 divide 3600?
True
Does 33 divide 33?
True
Is 25 a factor of 66314?
False
Is 4 a factor of 4516?
True
Is 29 a factor of 928?
True
Is 32 a factor of 334?
False
Is 9 a factor of 945?
True
Is 476 a multiple of 28?
True
Is 2385 a multiple of 18?
False
Does 29 divide 306?
False
Is 14000 a multiple of 100?
True
Does 19 divide 2090?
True
Is 341 a multiple of 54?
False
Is 10 a factor of 524?
False
Is 39 a factor of 24999?
True
Is 328 a multiple of 14?
False
Does 38 divide 11185?
False
Is 71502 a multiple of 34?
True
Is 26543 a multiple of 209?
True
Does 90 divide 5049?
False
Is 8 a factor of 30168?
True
Does 95 divide 1247?
False
Is 3108 a multiple of 7?
True
Is 3057 a multiple of 49?
False
Is 119 a factor of 6088?
False
Is 15 a factor of 38601?
False
Is 38 a factor of 912?
True
Is 400 a multiple of 5?
True
Is 62 a factor of 10961?
False
Does 9 divide 996?
False
Is 4096 a multiple of 64?
True
Does 16 divide 8630?
False
Is 7 a factor of 22580?
False
Is 4575 a multiple of 28?
False
Does 11 divide 6326?
False
Is 30968 a multiple of 7?
True
Is 11495 a multiple of 5?
True
Does 58 divide 4074?
False
Is 8 a factor of 80?
True
Is 122 a factor of 42212?
True
Is 49 a factor of 9750?
False
Does 45 divide 270?
True
Is 18 a factor of 2898?
True
Is 29 a factor of 691?
False
Is 36 a factor of 2085?
False
Does 36 divide 936?
True
Is 26 a factor of 11388?
True
Does 23 divide 1794?
True
Does 172 divide 9119?
False
Is 13 a factor of 32867?
False
Does 6 divide 8106?
True
Is 2968 a multiple of 5?
False
Does 80 divide 2640?
True
Is 1816 a multiple of 4?
True
Is 8840 a multiple of 260?
True
Is 14170 a multiple of 9?
False
Is 108 a multiple of 9?
True
Is 1632 a multiple of 51?
True
Is 324 a factor of 102896?
False
Is 11 a factor of 4121?
False
Is 36348 a multiple of 78?
True
Is 47 a multiple of 21?
False
Is 89 a factor of 267?
True
Is 3516 a multiple of 12?
True
Is 5 a factor of 3941?
False
Is 6 a factor of 423?
False
Is 68 a factor of 2168?
False
Is 4487 a multiple of 5?
False
Is 65 a factor of 13819?
False
Is 11 a factor of 119?
False
Is 11 a factor of 3894?
True
Does 72 divide 3456?
True
Is 4 a factor of 45644?
True
Does 10 divide 1110?
True
Does 16 divide 64?
True
Does 66 divide 4081?
False
Is 180 a multiple of 20?
True
Is 29900 a multiple of 260?
True
Is 25 a factor of 26475?
True
Is 92 a multiple of 4?
True
Is 7373 a multiple of 101?
True
Does 66 divide 27324?
True
Does 31 divide 1364?
True
Is 9 a factor of 17296?
False
Does 24 divide 192?
True
Is 512 a multiple of 6?
False
Is 14 a multiple of 6?
False
Is 32 a factor of 24797?
False
Is 80 a factor of 24480?
True
Is 37650 a multiple of 179?
False
Is 33542 a multiple of 63?
False
Is 80 a multiple of 2?
True
Does 29 divide 3277?
True
Is 26 a factor of 1092?
True
Is 750 a multiple of 10?
True
Does 11 divide 32410?
False
Is 1482 a multiple of 38?
True
Is 28 a factor of 491?
False
Does 30 divide 19535?
False
Does 48 divide 13217?
False
Is 70 a factor of 563?
False
Does 4 divide 27?
False
Is 24 a factor of 1734?
False
Does 322 divide 75992?
True
Does 40 divide 827?
False
Is 49059 a multiple of 207?
True
Does 65 divide 5200?
True
Does 5 divide 3955?
True
Does 16 divide 29106?
False
Does 24 divide 18192?
True
Is 24 a factor of 9691?
False
Is 4906 a multiple of 60?
False
Is 18 a factor of 233?
False
Is 14 a factor of 103?
False
Does 11 divide 2122?
False
Is 5394 a multiple of 29?
True
Is 11430 a multiple of 126?
False
Does 3 divide 362?
False
Is 2598 a multiple of 10?
False
Is 29 a factor of 306?
False
Does 38 divide 190?
True
Does 5 divide 140?
True
Is 18 a factor of 216?
True
Is 24 even?
True
Does 2 divide 412?
True
Does 172 divide 9804?
True
Does 18 divide 6282?
True
Is 30 a factor of 32250?
True
Does 5 divide 218?
False
Is 21 a factor of 693?
True
Does 5 divide 127?
False
Does 11 divide 42889?
True
Does 5 divide 4503?
False
Does 125 divide 14500?
True
Does 33 divide 8547?
True
Is 3706 a multiple of 14?
False
Is 30481 a multiple of 187?
True
Does 260 divide 84401?
False
Is 4464 a multiple of 8?
True
Is 76 a factor of 1368?
True
Is 76 a multiple of 5?
False
Is 14066 a multiple of 5?
False
Is 62 a factor of 2121?
False
Does 23 divide 13363?
True
Is 21 a factor of 6636?
True
Does 3 divide 3889?
False
Is 76 a factor of 35264?
True
Does 18 divide 3767?
False
Does 45 divide 2712?
False
Does 29 divide 37352?
True
Is 3 a factor of 5201?
False
Is 32 a factor of 15170?
False
Is 24585 a multiple of 201?
False
Does 12 divide 204?
True
Does 24 divide 14304?
True
Is 3609 a multiple of 17?
False
Does 10 divide 4630?
True
Is 21762 a multiple of 91?
False
Does 3 divide 213?
True
Is 282 a multiple of 30?
False
Does 11 divide 519?
False
Is 79 a multiple of 2?
False
Is 24975 a multiple of 185?
True
Does 158 divide 16906?
True
Does 119 divide 53162?
False
Is 33 a factor of 414?
False
Is 3 a factor of 82?
False
Is 225 a multiple of 10?
False
Is 28 a factor of 812?
True
Is 2 a factor of 76?
True
Is 19 a factor of 3496?
True
Is 1190 a multiple of 14?
True
Is 18 a factor of 100?
False
Is 21 a factor of 1628?
False
Is 93 a multiple of 4?
False
Does 13 divide 45012?
False
Is 2196 a multiple of 36?
True
Is 22428 a multiple of 89?
True
Is 7 a factor of 92734?
False
Is 14964 a multiple of 29?
True
Does 2 divide 1934?
True
Does 191 divide 61628?
False
Is 34 a factor of 457?
False
Is 4602 a multiple of 118?
True
Is 5160 a multiple of 12?
True
Is 8 a factor of 3368?
True
Is 54 a factor of 9252?
False
Is 57 a factor of 12898?
False
Is 6 a factor of 156?
True
Is 18 a factor of 2718?
True
Is 1221 a multiple of 132?
False
Is 5 a factor of 8999?
False
Is 47 a factor of 2107?
False
Is 30 a factor of 98?
False
Is 4 a factor of 1563?
False
Is 50112 a multiple of 27?
True
Is 316 a multiple of 7?
False
Does 64 divide 4613?
False
Is 1992 a multiple of 166?
True
Is 78 a factor of 2339?
False
Is 7 a factor of 259?
True
Is 1716 a multiple of 12?
True
Does 9 divide 3861?
True
Is 457 a multiple of 16?
False
Does 35 divide 1680?
True
Is 35097 a multiple of 62?
False
Is 7902 a multiple of 182?
False
Is 385 a multiple of 9?
False
Is 43 a factor of 1240?
False
Is 95 a factor of 17579?
False
Is 10 a factor of 600?
True
Does 11 divide 908?
False
Is 32 a factor of 6926?
False
Does 93 divide 6324?
True
Is 67 a factor of 871?
True
Is 2293 a multiple of 26?
False
Is 5025 a multiple of 92?
False
Is 6 a factor of 503?
False
Is 84535 a multiple of 37?
False
Does 7 divide 1192?
False
Does 50 divide 900?
True
Is 9918 a multiple of 18?
True
Is 28 a factor of 2801?
False
Is 3 a factor